 Calculate u(z).
5
Let v(y) = 1 + 1 + 64*y**3 - 62*y**3 - 2*y**2 - 3*y. Determine v(2).
4
Let v(l) = 6*l**3 - 6 + 3*l**2 + 8 - 5*l**3. Give v(-3).
2
Let x = -3 + 18. Suppose -4*p + p - x = 0. Let y(c) = -c - 7. Determine y(p).
-2
Let n(d) = -2 - 23*d + 26*d + 1. Calculate n(3).
8
Let i(h) = -3*h**2 - 8. Let g(k) = k**2 + 3. Let q(l) = 8*g(l) + 3*i(l). Calculate q(1).
-1
Let p(s) be the first derivative of s**2/2 + 2*s + 11. Calculate p(-2).
0
Suppose 10*y + 11 = 5*y - 4*s, 4*s + 19 = 3*y. Let t(r) = -23*r**3 + r - 1. What is t(y)?
-23
Let b(r) be the third derivative of 0*r**3 - 3*r**2 + 0*r + 0 - 1/24*r**4. Determine b(3).
-3
Suppose -z + 3*j - 11 = 7, -2*z = -3*j + 24. Let m(q) = -q + 1. Calculate m(z).
7
Let i(a) be the first derivative of -a**6/180 + a**5/20 - a**4/4 - 4*a**3/3 - 5. Let f(r) be the third derivative of i(r). What is f(4)?
-14
Let r(y) = 7*y - 2. Let a be ((-16)/40)/(8/10 + -1). Calculate r(a).
12
Let a(l) = l**3 - 4*l**2 + 4*l. Let f be 48/15 + (-4)/20. Calculate a(f).
3
Let z(n) = -n**3 - 6*n**2 - 7*n - 4. Let b be (-2 - 0)/(12/42). Let a be b/(105/12)*5. What is z(a)?
-8
Let c(o) = -o**2 - 5*o. Let r be c(-5). Let u(l) = l**2 + l - 4. What is u(r)?
-4
Let g(x) = 15*x. Let q(d) = 7*d. Let o(p) = 6*g(p) - 13*q(p). Calculate o(-3).
3
Suppose 0 = 5*v - 4*o + 13, 5*o + 7 - 17 = 5*v. Let i(g) = -5*g**2 - 5*g + 2. Let j(z) = 14*z**2 + 15*z - 7. Let y(f) = 11*i(f) + 4*j(f). Calculate y(v).
-6
Let c(k) be the first derivative of -k**5/60 - k**3/6 - k**2/2 + 3. Let l(a) be the second derivative of c(a). Determine l(-2).
-5
Let b(u) be the first derivative of u**4/4 - 4*u**3/3 - u**2/2 + 2*u - 1. Let h be 38/12 - 22/132. Determine b(h).
-10
Let g(f) be the second derivative of f**3/6 - 5*f**2/2 + f. Let h = 12 + -7. Suppose 3*k = h*k + 8. Give g(k).
-9
Let y(r) = -3*r**2 - r + 2. Suppose 5*q + 0 = 10. What is y(q)?
-12
Let t(u) = u - 6*u**2 + 0*u - 12*u**3 - 4 + 29*u**3 - 16*u**3. Suppose -2*n + n + 4 = -k, 2*n + 3*k = 18. Calculate t(n).
2
Let q(v) be the third derivative of v**5/30 - v**4/24 - v**3/6 - v**2. Let o(p) = p - 19. Let g be o(17). Calculate q(g).
9
Suppose -z - v + 7 = 0, 4 = -3*z + 2*v + 10. Let d = -7 + z. Let c(y) = -y**3 - y**2 + 2*y - 4. What is c(d)?
8
Suppose 3*n - 1 + 4 = 0. Let i(s) be the first derivative of 1 + 0*s + 2/3*s**3 + 0*s**2. Calculate i(n).
2
Let a(s) be the first derivative of s**5/60 - s**4/12 + 2*s**3/3 + 3*s**2/2 + 3. Let j(z) be the second derivative of a(z). Calculate j(3).
7
Let c(h) be the first derivative of h**4/4 - 7*h**3/3 - 9*h**2/2 + 3*h - 7. Determine c(8).
-5
Let x(v) = v + 11. Let n = -24 - -15. Let k be x(n). Suppose k*p - 3*w - 15 = -6*w, -3*w + 15 = 5*p. Let l(z) = -z**2 + 5. Give l(p).
5
Let v(g) = -3*g + 10. Let o be v(4). Let q(a) = -11*a - 3. What is q(o)?
19
Let i(s) = -s**2 + s - 1. Let o be (3 + -1)*28/8. Let t = 6 - 2. Let c = o - t. What is i(c)?
-7
Let a(k) be the second derivative of -k**5/20 - k**4/3 + k**2/2 - 15*k. Calculate a(-5).
26
Suppose 5*g = 5*k + 40, 2*g - 2*k = 6*g - 8. Suppose 5*a - 18 = i, 0 = 3*i - a + 6*a - 26. Let f(m) = -m - 5 - m**2 + 2*m + i*m + 2*m. Give f(g).
-1
Let p(u) = -u**2 - 2. Let n(h) = -h. Let a(m) = -4*n(m) - p(m). Let j be (4 + -5)/(((-2)/1)/(-12)). Calculate a(j).
14
Let n(a) = a**2 - a - 1. Let z be (14/42 - 8/15)*-5. What is n(z)?
-1
Let j(g) = g**2 + 8*g - 7. Let d be j(-9). Suppose -2 = -t + d. Let z(h) = 4*h - 6. Let n(c) = 11*c - 19. Let p(r) = 3*n(r) - 8*z(r). Calculate p(t).
-5
Let s be 7/2 - 1/2. Let j(l) = 3*l - s + 3 - 9*l - 3. Suppose 5 = -5*v - 5. Give j(v).
9
Let c be 4/(((-3)/2)/((-12)/(-16))). Let h(k) = 11*k + 11. Let g(b) = 6*b + 5. Let t(a) = 5*g(a) - 2*h(a). What is t(c)?
-13
Let w(c) be the second derivative of -c**4/6 + c**3/2 - c**2 - 22*c. Let r(d) = d**3 + 2*d**2 - 5*d - 4. Let a be r(-3). Determine w(a).
-4
Let j(u) = -u - 1. Let q(y) = 15*y + 15. Let s(h) = -h. Let p(l) = -q(l) - 3*s(l). Let b(a) = -9*j(a) + p(a). Give b(-4).
6
Suppose -p - 4 = -l, -5*p = 5*l - p + 7. Let j(v) = l + v**2 + v + 7 + 0. What is j(0)?
8
Let c(l) = 7*l**2 - 13*l - 5. Let y(g) = -g**2 + g + 1. Let t(n) = -c(n) - 6*y(n). Calculate t(5).
9
Suppose a - 5*c = -19, 3*a = -5*c + 3 + 20. Let t(k) = 11*k - a + 3 - 2. Let n(i) = i**2 - 3*i - 1. Let u be n(3). Give t(u).
-11
Let c(b) = -b - 1. Let o be (0 - 7) + (-10 - -12). Give c(o).
4
Suppose -4*r - 5 = 11. Let k(t) = t + 1. Determine k(r).
-3
Let l(u) = -u**3 + 3*u**2 + 5*u + 2. Suppose 16 = -0*o - o - 4*j, -2*j + 2 = 3*o. Give l(o).
6
Let a(y) = 5*y + 5. Let p(j) = -4*j - 4. Let m = 6 - 11. Let l(v) = m*a(v) - 6*p(v). Let k(r) = r**3 + 3*r**2 - 4*r + 2. Let w be k(-4). What is l(w)?
-3
Let j(i) = i**3 - 2*i**2 - i. Let k = 40 - 41. Determine j(k).
-2
Let s(b) = b**2. Let h = -5 + 8. Suppose 0 = 3*j - u - 81, -4*u - 81 = -h*j + u. Let r be 6/j + 4/(-18). Calculate s(r).
0
Let g(t) = -t**3 + t**2 + t + 4. Let u be g(0). Let x(m) = -m + 4. Calculate x(u).
0
Let j = -19 - -22. Let z(g) = -g**j - 139*g + 139*g. Determine z(1).
-1
Suppose -r = -3*r - l - 3, -2*r - 5*l = 15. Suppose 0 = -r*a + 5*a. Let c(g) = 5*g**2 - 6*g**2 - 7 + 4*g + a*g**2 + 3*g. Calculate c(5).
3
Let y(d) be the first derivative of -2 + 3*d - 5/2*d**2 - 1/3*d**3. Suppose -5*f - 5*q - 20 = 0, -5*f = 2*q + q + 20. Give y(f).
7
Let p(d) = d**2 + 7*d + 8. Suppose 2*l + 2*l + 24 = -2*k, -2*k + 2*l - 6 = 0. Determine p(k).
2
Let w(f) = f - 15. Let c(r) = -r + 14. Let a(q) = -4*c(q) - 3*w(q). Determine a(6).
-5
Let l be -3 - 3/(-9)*-9. Let s(j) = j**3 + 4*j**2 + 8. Let p(q) = q**3 + 3*q**2 - q + 9. Let u(f) = -2*p(f) + 3*s(f). Determine u(l).
-6
Let l(u) be the first derivative of u**3 + 2*u**2 + 2*u - 20. Determine l(-3).
17
Let r(a) = -3*a**2 + a - 1. Let x(v) = 10*v**2 - 3*v + 3. Let k(l) = 7*r(l) + 2*x(l). Calculate k(2).
-3
Let g(o) be the third derivative of o**5/60 + 7*o**4/24 + 5*o**3/6 + 19*o**2. What is g(-4)?
-7
Let m(u) = 4*u - 16. Let o(j) = j - 5. Let q(v) = 2*m(v) - 7*o(v). Determine q(5).
8
Let s(g) = 2*g - 7. Let f be (-4)/10*(-20)/4. Suppose -f*r + 11 = -9. Let x be (0 + 2)*r/4. Calculate s(x).
3
Let v(p) = 3*p - 1. Let y(t) = -t**3 + 4*t**2 + 4*t + 8. Let q be y(5). Determine v(q).
8
Let b(y) = -8*y + 5. Let x(t) = -44*t + 28. Let a(q) = -28*b(q) + 5*x(q). Calculate a(1).
4
Let a(c) = -5*c - 1. Let n(v) = -2*v**3 + 2*v**2 - 4*v + 2. Let j be n(1). Determine a(j).
9
Let o be (0 - -2) + (-3 - -6). Let f(g) = 3*g - 3. Determine f(o).
12
Let o(j) = -j + 8. Let c be o(7). Let b be 2*(-1)/2 + 6. Let k(z) = -2 + 3 + 2*z**2 - b*z**2. Determine k(c).
-2
Let f(z) be the second derivative of z + 1/3*z**3 + 0*z**2 + 0. Suppose -5 = -6*g + 1. What is f(g)?
2
Let f(q) be the second derivative of -3*q**5/10 - 6*q. Calculate f(1).
-6
Let r(b) = -4*b**2 + 13*b - 6. Let y(a) = a**2 - a + 1. Let p(j) = -r(j) - 3*y(j). Calculate p(8).
-13
Let m be -5*(-5)/((-75)/6). Let p = -3 - m. Let r(c) = -c**3 - c**2 - c - 1. What is r(p)?
0
Suppose 3*b - b + 2 = 0. Let m = 1 - b. Let r be m/(3*4/(-30)). Let q(d) = d**2 + 7*d + 3. Determine q(r).
-7
Let k(w) = 6 - 3 + 48*w**2 - 38*w**2 - 2. What is k(-1)?
11
Let z(r) = 2*r - 4*r + 4*r**2 - 5*r**2 + 5*r - 1. What is z(1)?
1
Let m(z) be the second derivative of -5*z**3/6 - 2*z. Calculate m(1).
-5
Suppose -6*d = -2*d + 4. Let a(u) = 8*u + 1. Calculate a(d).
-7
Suppose 8*x = -6*x + 9*x. Let z(h) = h**2 - h + 16. What is z(x)?
16
Let q(y) = -y**3 - 12*y**2 - y - 17. Let v be (-65)/((-15)/(-3)) - -1. Give q(v).
-5
Let u(x) be the first derivative of -x**2/2 + x + 5. Give u(-9).
10
Let i(k) be the first derivative of -2 + 0*k - 3*k**3 - 1/2*k**2. Calculate i(1).
-10
Let x(g) = 4*g + 4. Let v(k) = -5 + 0 + 2 + 0*k - 3*k. Let a(c) = -5*v(c) - 4*x(c). Determine a(-6).
5
Let b(o) be the second derivative of -o**7/2520 - o**6/144 - o**5/20 + 3*o**4/4 + 7*o. Let j(c) be the third derivative of b(c). What is j(-4)?
-2
Let g(r) = -3 + 0*r - 6*r + 118*r**2 - 124*r**2 + r**3. Calculate g(7).
4
Let y(n) = -n**2 - n. Let l(a) = 2*a**3 - 3*a**2 - 4*a. Let c(m) = l(m) - 3*y(m). What is c(1)?
1
Let d(q) = q**2 + 4*q - 5. Suppose 4*t = -0*t + 56. Suppose s + t + 0 = 3*x, -2*x = -6. Give d(s).
0
Let y(z) be the third derivative of 4*z**2 + 1/30*z**5 + 0 - 1/2*z**3 + 0*z - 1/8*z**4. Calculate y(3).
6
Suppose 